[INFO] fetching crate ak-codegen 0.1.1...
[INFO] checking ak-codegen-0.1.1 against master#cfbc6d4cf1acbac5c025acf8ed68929caa551df3 for pr-75494-beta
[INFO] extracting crate ak-codegen 0.1.1 into /workspace/builds/worker-4/source
[INFO] validating manifest of crates.io crate ak-codegen 0.1.1 on toolchain cfbc6d4cf1acbac5c025acf8ed68929caa551df3
[INFO] running `Command { std: "/workspace/cargo-home/bin/cargo" "+cfbc6d4cf1acbac5c025acf8ed68929caa551df3" "read-manifest" "--manifest-path" "Cargo.toml", kill_on_drop: false }`
[INFO] started tweaking crates.io crate ak-codegen 0.1.1
[INFO] finished tweaking crates.io crate ak-codegen 0.1.1
[INFO] tweaked toml for crates.io crate ak-codegen 0.1.1 written to /workspace/builds/worker-4/source/Cargo.toml
[INFO] running `Command { std: "/workspace/cargo-home/bin/cargo" "+cfbc6d4cf1acbac5c025acf8ed68929caa551df3" "generate-lockfile" "--manifest-path" "Cargo.toml" "-Zno-index-update", kill_on_drop: false }`
[INFO] running `Command { std: "/workspace/cargo-home/bin/cargo" "+cfbc6d4cf1acbac5c025acf8ed68929caa551df3" "fetch" "--locked" "--manifest-path" "Cargo.toml", kill_on_drop: false }`
[INFO] running `Command { std: "docker" "create" "-v" "/var/lib/crater-agent-workspace/builds/worker-4/target:/opt/rustwide/target:rw,Z" "-v" "/var/lib/crater-agent-workspace/builds/worker-4/source:/opt/rustwide/workdir:ro,Z" "-v" "/var/lib/crater-agent-workspace/cargo-home:/opt/rustwide/cargo-home:ro,Z" "-v" "/var/lib/crater-agent-workspace/rustup-home:/opt/rustwide/rustup-home:ro,Z" "-e" "SOURCE_DIR=/opt/rustwide/workdir" "-e" "CARGO_TARGET_DIR=/opt/rustwide/target" "-e" "CARGO_HOME=/opt/rustwide/cargo-home" "-e" "RUSTUP_HOME=/opt/rustwide/rustup-home" "-w" "/opt/rustwide/workdir" "-m" "1610612736" "--user" "0:0" "--network" "none" "rustops/crates-build-env@sha256:a636fd89d022f18117e1dc8fb37a0a009933cdbbe082814857f0e2024962d47c" "/opt/rustwide/cargo-home/bin/cargo" "+cfbc6d4cf1acbac5c025acf8ed68929caa551df3" "metadata" "--no-deps" "--format-version=1", kill_on_drop: false }`
[INFO] [stdout] 532a6ecc3f403968ed8fd34bb2d82e171af81fbeb5f99756897f4cdfcc4058d9
[INFO] [stderr] WARNING: Your kernel does not support swap limit capabilities or the cgroup is not mounted. Memory limited without swap.
[INFO] running `Command { std: "docker" "start" "-a" "532a6ecc3f403968ed8fd34bb2d82e171af81fbeb5f99756897f4cdfcc4058d9", kill_on_drop: false }`
[INFO] running `Command { std: "docker" "inspect" "532a6ecc3f403968ed8fd34bb2d82e171af81fbeb5f99756897f4cdfcc4058d9", kill_on_drop: false }`
[INFO] running `Command { std: "docker" "rm" "-f" "532a6ecc3f403968ed8fd34bb2d82e171af81fbeb5f99756897f4cdfcc4058d9", kill_on_drop: false }`
[INFO] [stdout] 532a6ecc3f403968ed8fd34bb2d82e171af81fbeb5f99756897f4cdfcc4058d9
[INFO] running `Command { std: "docker" "create" "-v" "/var/lib/crater-agent-workspace/builds/worker-4/target:/opt/rustwide/target:rw,Z" "-v" "/var/lib/crater-agent-workspace/builds/worker-4/source:/opt/rustwide/workdir:ro,Z" "-v" "/var/lib/crater-agent-workspace/cargo-home:/opt/rustwide/cargo-home:ro,Z" "-v" "/var/lib/crater-agent-workspace/rustup-home:/opt/rustwide/rustup-home:ro,Z" "-e" "SOURCE_DIR=/opt/rustwide/workdir" "-e" "CARGO_TARGET_DIR=/opt/rustwide/target" "-e" "CARGO_INCREMENTAL=0" "-e" "RUST_BACKTRACE=full" "-e" "RUSTFLAGS=--cap-lints=forbid" "-e" "CARGO_HOME=/opt/rustwide/cargo-home" "-e" "RUSTUP_HOME=/opt/rustwide/rustup-home" "-w" "/opt/rustwide/workdir" "-m" "1610612736" "--user" "0:0" "--network" "none" "rustops/crates-build-env@sha256:a636fd89d022f18117e1dc8fb37a0a009933cdbbe082814857f0e2024962d47c" "/opt/rustwide/cargo-home/bin/cargo" "+cfbc6d4cf1acbac5c025acf8ed68929caa551df3" "check" "--frozen" "--all" "--all-targets" "--message-format=json", kill_on_drop: false }`
[INFO] [stderr] WARNING: Your kernel does not support swap limit capabilities or the cgroup is not mounted. Memory limited without swap.
[INFO] [stdout] 6b5937300494f25f0d5f173b25b8bbb477762e8205e5d37dbc59d3cea4ca1466
[INFO] running `Command { std: "docker" "start" "-a" "6b5937300494f25f0d5f173b25b8bbb477762e8205e5d37dbc59d3cea4ca1466", kill_on_drop: false }`
[INFO] [stderr]    Compiling syn v1.0.38
[INFO] [stderr]    Compiling unicode-xid v0.2.1
[INFO] [stderr]    Compiling fnv v1.0.7
[INFO] [stderr]    Compiling strsim v0.9.3
[INFO] [stderr]    Compiling ident_case v1.0.1
[INFO] [stderr]    Compiling proc-macro2 v1.0.19
[INFO] [stderr]    Compiling quote v1.0.7
[INFO] [stderr]     Checking darling_core v0.10.2
[INFO] [stderr]    Compiling darling_macro v0.10.2
[INFO] [stderr]     Checking darling v0.10.2
[INFO] [stderr]     Checking ak-codegen v0.1.1 (/opt/rustwide/workdir)
[INFO] [stdout] error[E0554]: `#![feature]` may not be used on the beta release channel
[INFO] [stdout]  --> src/lib.rs:1:1
[INFO] [stdout]   |
[INFO] [stdout] 1 | #![feature(box_syntax)]
[INFO] [stdout]   | ^^^^^^^^^^^^^^^^^^^^^^^
[INFO] [stdout] 
[INFO] [stdout] 
[INFO] [stdout] warning: unreachable expression
[INFO] [stdout]   --> src/lib.rs:48:9
[INFO] [stdout]    |
[INFO] [stdout] 47 |         panic!("expr : {}", expr.to_token_stream());
[INFO] [stdout]    |         -------------------------------------------- any code following this expression is unreachable
[INFO] [stdout] 48 |         quote!(#expr).into()
[INFO] [stdout]    |         ^^^^^^^^^^^^^^^^^^^^ unreachable expression
[INFO] [stdout]    |
[INFO] [stdout]    = note: `#[warn(unreachable_code)]` on by default
[INFO] [stdout] 
[INFO] [stdout] 
[INFO] [stdout] error: aborting due to previous error; 1 warning emitted
[INFO] [stdout] 
[INFO] [stdout] 
[INFO] [stdout] For more information about this error, try `rustc --explain E0554`.
[INFO] [stdout] 
[INFO] [stderr] error: could not compile `ak-codegen`.
[INFO] [stderr] 
[INFO] [stderr] To learn more, run the command again with --verbose.
[INFO] [stderr] warning: build failed, waiting for other jobs to finish...
[INFO] [stdout] error[E0425]: cannot find function `suspend_impl` in this scope
[INFO] [stdout]    --> src/lib.rs:117:21
[INFO] [stdout]     |
[INFO] [stdout] 117 |     let generated = suspend_impl(syn::parse_str(code).unwrap());
[INFO] [stdout]     |                     ^^^^^^^^^^^^ not found in this scope
[INFO] [stdout] 
[INFO] [stdout] 
[INFO] [stdout] error[E0554]: `#![feature]` may not be used on the beta release channel
[INFO] [stdout]  --> src/lib.rs:1:1
[INFO] [stdout]   |
[INFO] [stdout] 1 | #![feature(box_syntax)]
[INFO] [stdout]   | ^^^^^^^^^^^^^^^^^^^^^^^
[INFO] [stdout] 
[INFO] [stdout] 
[INFO] [stdout] warning: unreachable expression
[INFO] [stdout]   --> src/lib.rs:48:9
[INFO] [stdout]    |
[INFO] [stdout] 47 |         panic!("expr : {}", expr.to_token_stream());
[INFO] [stdout]    |         -------------------------------------------- any code following this expression is unreachable
[INFO] [stdout] 48 |         quote!(#expr).into()
[INFO] [stdout]    |         ^^^^^^^^^^^^^^^^^^^^ unreachable expression
[INFO] [stdout]    |
[INFO] [stdout]    = note: `#[warn(unreachable_code)]` on by default
[INFO] [stdout] 
[INFO] [stdout] 
[INFO] [stdout] error: aborting due to 2 previous errors; 1 warning emitted
[INFO] [stdout] 
[INFO] [stdout] 
[INFO] [stdout] Some errors have detailed explanations: E0425, E0554.
[INFO] [stdout] 
[INFO] [stdout] For more information about an error, try `rustc --explain E0425`.
[INFO] [stdout] 
[INFO] [stderr] error: build failed
[INFO] running `Command { std: "docker" "inspect" "6b5937300494f25f0d5f173b25b8bbb477762e8205e5d37dbc59d3cea4ca1466", kill_on_drop: false }`
[INFO] running `Command { std: "docker" "rm" "-f" "6b5937300494f25f0d5f173b25b8bbb477762e8205e5d37dbc59d3cea4ca1466", kill_on_drop: false }`
[INFO] [stdout] 6b5937300494f25f0d5f173b25b8bbb477762e8205e5d37dbc59d3cea4ca1466
